= 3*l + x*v - 19. Suppose 0*f + l*f = u - 152, 2*u = -f + 290. Is u composite?
True
Let h = -54842 - -77175. Is h a prime number?
False
Let d(z) be the third derivative of 19*z**5/30 + 5*z**4/24 + 269*z**3/6 + 260*z**2. Is d(20) a prime number?
True
Let x(s) = -9*s**2 - 1 + 11*s**2 - 19*s + 8*s**2 + 13*s**2. Is x(-7) a composite number?
False
Let d(a) = -3*a**2 - 6*a - 19. Let r be d(0). Let q(k) = -k**3 - 19*k**2 - 9*k + 40. Is q(r) prime?
True
Let l(s) = 4 + 6 - 4 + 52*s. Let f be l(10). Is (f/(-4))/((-5)/10) composite?
False
Let h be (0 - 4 - -5)/(-1 - -2). Let f be (-268)/(-2) - -3*(0 - h). Let a = f + -72. Is a a prime number?
True
Is (-8 - 1) + (94228 - (-3 - -21)) composite?
False
Suppose j - 15 = -2*z + 2, 0 = -2*j - 2*z + 30. Suppose -3*t + 0*h = -5*h + 3, t - j = -3*h. Is t/(-10) + (-20364)/(-60) composite?
True
Let a(f) = 313*f**2 + 227*f - 263. Is a(27) composite?
False
Is (0 + 8/(-24))*(-76687 - 8/(-2)) prime?
True
Is ((1488/240)/(-31))/(1319608/1319610 + -1) prime?
False
Suppose 21*n - 52*n - 64*n = -14784565. Is n prime?
True
Let a(w) = 33*w**3 - 11*w**2 + 3*w + 14. Is a(9) composite?
True
Let n be (7/4)/((-27)/(-108)). Suppose -n = 2*i - 5*g + 3, 2*g + 10 = -2*i. Is 1/((i/(-2933))/5) a composite number?
True
Let o be (-3)/(-2) - (-1)/(-2). Suppose 9746 + 17867 = 53*i. Is -6 + 7 + o - (0 - i) prime?
True
Is (-90)/90*(-328224 + 1) composite?
True
Let v(q) be the first derivative of 54*q**3 + 7*q**2 - 77*q + 143. Is v(5) composite?
True
Let u = -278 + 283. Suppose u*r = 5*t - 9405, 7201 = 3*t - r + 1554. Is t a composite number?
True
Let s be (-14*(-3)/(-18))/((-1)/(-3)). Let h be 216/126*(-2)/4*s. Suppose h*y - 1857 = 1659. Is y composite?
True
Suppose 3*i + 5*d - 99317 = 0, -28 = -83*d + 79*d. Is i a prime number?
False
Suppose 4*f + 358981 = -6*f + 17*f. Is f a composite number?
False
Suppose 8*w = -0*w + 16. Suppose w*k + 2 = 3*k. Suppose k*j - 3*j + 439 = 0. Is j composite?
False
Let y(v) = 5754*v - 2995. Is y(97) a prime number?
True
Let d = 7558 - -4288. Is d a composite number?
True
Suppose 5*l = 85 - 65. Suppose -5*x = 3*n - 18479, 0*n - 2*n = l*x - 12318. Is n prime?
True
Suppose 502*b = -1889042 + 18774816. Is b a prime number?
True
Suppose n = -3*x - 5809, -2*x - 3917 = 2*n - 51. Let h = 7579 - x. Is h a prime number?
False
Suppose 11*t - 10*t - 4*f - 2072 = 0, -10455 = -5*t + f. Let d = t + 615. Is d a prime number?
True
Suppose -2*v + 1949986 = 2*v + u, -5*u = -9*v + 4387425. Is v prime?
False
Suppose -1334 = -5*o + 2*b + 6617, o + 4*b = 1577. Suppose -32*m + 33*m - 502 = 0. Let v = o - m. Is v a prime number?
True
Suppose -1953882 = 26*q - 8177164. Is q a prime number?
True
Is -26745358*((-24)/(-6))/(-72) + 2/(-9) composite?
False
Suppose 3*u - 6*u + 66 = 0. Let b = -71 + 146. Suppose -c - u = -b. Is c composite?
False
Suppose -84 = 5*y - 2*y. Is 2791/3 + y/21 a prime number?
True
Let v(l) = 3*l - 15. Let x be v(5). Let t be (-4)/6 - (-36)/(-27). Is x + t + 658 + 0 + -3 a composite number?
False
Suppose -3*q = -5*q + 4, 0 = -n + 6*q + 54689. Is n prime?
False
Is 4106 + -28*(-2)/(-8) prime?
True
Let c(i) = -14*i**2 + 6*i + 19. Let n(q) = 41*q**2 - 18*q - 59. Let t(b) = 8*c(b) + 3*n(b). Is t(-30) prime?
False
Let v(k) = 545*k**2 - 11*k + 57. Let x = 524 - 516. Is v(x) composite?
False
Let j = 136420 - 86133. Is j a composite number?
False
Suppose 0 = 176*s - 202*s + 564434. Is s prime?
False
Suppose 5*a = 19*q - 24*q - 470, -4*q + 303 = -3*a. Let l = 164 + a. Is l a composite number?
False
Let o(l) = 403*l + 8. Let j be 1 + 6 - (-14 - -6)/(-2). Is o(j) a prime number?
True
Suppose -20 = -2*d - 4*b, 3*d - 6*b + 5*b - 16 = 0. Let z(f) = 37*f**3 - 10*f**2 - 23*f + 15. Is z(d) composite?
True
Suppose 0 = -0*b - b - 3*v + 12, b - 6 = -v. Suppose -2*q + 645 = b*q. Let k = q + 134. Is k prime?
True
Let d = -53 + 55. Suppose -6*y + 7*y = d. Suppose 0 = -y*k - 3*k + 4255. Is k a composite number?
True
Let h(o) = 3507*o + 41. Let x be h(4). Let f = -9438 + x. Is f a composite number?
True
Let w(f) = -5*f**3 + 18*f**2 + 7*f + 7. Let h be w(4). Suppose 3*q = 408 + 558. Suppose -h*o = j - q, -7*o = -4*j - 3*o + 1208. Is j prime?
True
Let g be 2/12 - (-87)/18 - 5. Suppose g = 31*s - 15*s - 238768. Is s a prime number?
True
Suppose 0 = -305*j + 321*j - 688592. Is j composite?
False
Let a(u) = 13*u**2 + 78*u + 67. Is a(-36) a prime number?
True
Suppose -248 + 53 = -39*a. Suppose -o = a*k - 222 + 41, 3*o - 495 = -3*k. Is o composite?
True
Suppose 55358 = 21*h - 17*h - 3*n, -4*n = 4*h - 55372. Is h composite?
False
Is -3 - (11 - -1)*(-27)/(729/128322) composite?
True
Suppose -48*m = -44*m - 16. Suppose 0*k + 4*k - 18364 = 5*g, -m*k = -2*g - 18364. Is k prime?
True
Suppose -27*i - 99*i = 25*i + 755. Suppose -2*h = 6 + 2. Is (-7185)/i*(52/12 + h) composite?
False
Suppose -27609 = -9*y + 10002. Let r = y - 1637. Let c = r - 695. Is c composite?
False
Let j = 27 + -25. Suppose 493 + 2353 = j*i. Is i a prime number?
True
Let w(h) = 857*h**2 + 10*h - 3. Let x be ((-52)/12 - (5 - 8))*3. Is w(x) a prime number?
True
Let k = -405343 - -682754. Is k a prime number?
True
Suppose -4*l - 8331 - 4729 = -3*g, -4*l = 16. Is (-8)/((-16)/(-4))*g/(-8) composite?
False
Let u(w) = -w**2 + 21*w + 1. Let g be u(21). Let y(q) = -653*q**2 - 3*q + 1. Let d be y(g). Let s = -324 - d. Is s a composite number?
False
Let j = 2352 + -515. Let y = j - 492. Is y composite?
True
Is (-24 + 22)/(2/(-34309)) a prime number?
False
Suppose -3*u - 5*g - 2 = 0, 2*u - 16 = 5*u - 2*g. Let n(s) = s**3 + 5*s**2 + s - 2. Let b be n(u). Is (b/8)/(7 - (-2294)/(-328)) composite?
True
Suppose 25 = -5*t, -154*t + 149*t + 2003083 = 4*q. Is q composite?
False
Is (-8)/(-6) - 21/(1134/(-14258574)) a composite number?
True
Is (((-564)/27)/(8/12) + -1)*-4197 a composite number?
True
Let l(n) = n**3 - 3*n**2 - 9*n - 1. Suppose -2*s + 6 = 0, -3*h + 20 = -2*h + 5*s. Let m be l(h). Suppose 0 = -2*o + m*k + 28, -2*o + 18 = -3*k + k. Is o prime?
False
Let g(d) = -12482*d**3 - 23*d**2 + 13*d + 25. Is g(-3) a composite number?
False
Let y(i) be the third derivative of 7231*i**4/24 - 23*i**3/6 + i**2 + 45. Is y(4) a composite number?
False
Let u = -306 + -2. Let i = u - -2119. Is i composite?
False
Is (8/24*41)/(514/(-258) + 2) a prime number?
False
Let a(y) = -2*y**2 + 4*y + 1. Suppose -2*m + 3*g + 9 = m, -5*m - g + 9 = 0. Let s be a(m). Is s*614 + (14 - 14) prime?
False
Let w(v) = -99*v**2 - 40*v + 2. Let c(j) = 49*j**2 + 19*j - 1. Let b(l) = 5*c(l) + 2*w(l). Is b(5) a prime number?
True
Suppose 12*l - 1245050 = 2868226. Is l prime?
False
Let a(i) = 2*i**2 + 3*i. Let r be a(-2). Let h(j) = 2987*j**3 + j**2 - 9*j + 9. Is h(r) prime?
False
Let w be -714 + (1 + -1)*1. Let h = -918 + 545. Let n = h - w. Is n prime?
False
Let s(j) be the second derivative of -9/2*j**2 - 15*j - 2/3*j**4 - 8/3*j**3 + 0 - 1/20*j**5. Is s(-8) a prime number?
False
Let l(p) = p**3 - 5*p**2 + 5*p + 1. Let v be l(4). Suppose 8295 = v*o - 13660. Is o composite?
False
Let m(d) = 430*d**2 - 55*d - 237. Is m(-4) composite?
False
Suppose -6*q + 1611 + 8253 = 0. Let i be 0/(2/1) - 1079. Let c = q + i. Is c prime?
False
Suppose -201*o = -184*o - 18965965. Is o composite?
True
Let d(c) = 8*c**3 + 17*c**2 + 17*c + 1. Is d(14) a prime number?
True
Let a be ((-3)/(-6 - -18))/(2/(-24)). Suppose 3*q + a*g = -54, 2*q - 4*g + g = -21. Is -3*(-5)/q - -719 a composite number?
True
Suppose 3*o + 6 + 9 = 0. Let h be (-1 - o) + (5 - 6). Is 1565 - (h - (-1 + 0)) a prime number?
False
Let f = -30 + 17. Let i(d) = -d**3 - 12*d**2 + 13*d + 4. Let j be i(f). Suppose -630 = -3*v - j*m + 811, -492 = -v + m. Is v a composite number?
False
Let b = 79683 - 29852. Is b a composite number?
False
Let f = 1898 + -6016. Let o = f - -5775. Is o prime?
True
Let c = -27431 - -75334. Is c prime?
True
Is 22482 - (11 + (-5 - 25)) a composite number?
False
Let j(i) = 3*i**3 - 32*i**2 - 10*i - 14. Let o be j(11). Is (1/(-3))/((-25)/(-434275))*o a prime number?
False
Suppose 8*u + 13 = -11. Let h(a) = -a**3 - 3*a**2 + 3*a + 10. Let c be h(u). Is 655/c*30/150 composite?
False
Let y = -3 + 5. Suppose -y*m + 4*w = -4 - 40, m - 10 = -w. Is m a composite number?
True
Let f(i) = -2*i - 5. Let j be f(-4). Suppose -w - 2734 = -j*w. Is w a composite number?
False
Suppose 5*